{"id":227,"date":"2013-12-11T16:54:07","date_gmt":"2013-12-11T15:54:07","guid":{"rendered":"https:\/\/dr-aus.pl\/\/?page_id=227"},"modified":"2020-04-27T04:04:02","modified_gmt":"2020-04-27T03:04:02","slug":"serwis","status":"publish","type":"page","link":"https:\/\/dr-aus.pl\/?page_id=227","title":{"rendered":"Serwis"},"content":{"rendered":"<p>Niekt\u00f3re z narz\u0119dzi wyprodukowane przez nasza firm\u0119 pracuj\u0105 ju\u017c ponad 10lat. Mimo tego nadal maj\u0105 one wsparcie w postaci serwisu, lub modernizacji, co w zwi\u0105zku z post\u0119pem mo\u017ce znacznie usprawni\u0107 starsze projekty. Regeneracja uk\u0142ad\u00f3w drgaj\u0105cych, nowsze zwrotnice, tuby, wymiana driver\u00f3w, czy synchronizacja system\u00f3w liniowych to jeden z bardziej popularnych przedmiot\u00f3w dzia\u0142a\u0144.\u00a0 Odnawiamy pow\u0142ok\u0119 lakiernicz\u0105. Sporadycznie serwisujemy r\u00f3wnie\u017c urz\u0105dzenia obce.<br \/>\n<a href=\"https:\/\/dr-aus.pl\/\/wp-content\/uploads\/2020\/04\/serwis-7.jpg\"><img loading=\"lazy\" decoding=\"async\" class=\"alignnone wp-image-1220\" src=\"https:\/\/dr-aus.pl\/\/wp-content\/uploads\/2020\/04\/serwis-7-1024x596.jpg\" alt=\"\" width=\"639\" height=\"372\" srcset=\"https:\/\/dr-aus.pl\/wp-content\/uploads\/2020\/04\/serwis-7-1024x596.jpg 1024w, https:\/\/dr-aus.pl\/wp-content\/uploads\/2020\/04\/serwis-7-100x58.jpg 100w, https:\/\/dr-aus.pl\/wp-content\/uploads\/2020\/04\/serwis-7-768x447.jpg 768w, https:\/\/dr-aus.pl\/wp-content\/uploads\/2020\/04\/serwis-7-560x326.jpg 560w, https:\/\/dr-aus.pl\/wp-content\/uploads\/2020\/04\/serwis-7.jpg 2048w\" sizes=\"(max-width: 639px) 100vw, 639px\" \/><\/a><\/p>\n","protected":false},"excerpt":{"rendered":"<p>Niekt\u00f3re z narz\u0119dzi wyprodukowane przez nasza firm\u0119 pracuj\u0105 ju\u017c ponad 10lat. Mimo tego nadal maj\u0105 one wsparcie w postaci serwisu, lub modernizacji, co w zwi\u0105zku z post\u0119pem mo\u017ce znacznie usprawni\u0107 starsze projekty. Regeneracja uk\u0142ad\u00f3w drgaj\u0105cych, nowsze zwrotnice, tuby, wymiana driver\u00f3w, czy synchronizacja system\u00f3w liniowych to jeden z bardziej popularnych przedmiot\u00f3w dzia\u0142a\u0144.\u00a0 Odnawiamy pow\u0142ok\u0119 lakiernicz\u0105. Sporadycznie serwisujemy r\u00f3wnie\u017c urz\u0105dzenia obce.<\/p>\n","protected":false},"author":1,"featured_media":0,"parent":0,"menu_order":0,"comment_status":"open","ping_status":"open","template":"","meta":{"footnotes":""},"_links":{"self":[{"href":"https:\/\/dr-aus.pl\/index.php?rest_route=\/wp\/v2\/pages\/227"}],"collection":[{"href":"https:\/\/dr-aus.pl\/index.php?rest_route=\/wp\/v2\/pages"}],"about":[{"href":"https:\/\/dr-aus.pl\/index.php?rest_route=\/wp\/v2\/types\/page"}],"author":[{"embeddable":true,"href":"https:\/\/dr-aus.pl\/index.php?rest_route=\/wp\/v2\/users\/1"}],"replies":[{"embeddable":true,"href":"https:\/\/dr-aus.pl\/index.php?rest_route=%2Fwp%2Fv2%2Fcomments&post=227"}],"version-history":[{"count":6,"href":"https:\/\/dr-aus.pl\/index.php?rest_route=\/wp\/v2\/pages\/227\/revisions"}],"predecessor-version":[{"id":1246,"href":"https:\/\/dr-aus.pl\/index.php?rest_route=\/wp\/v2\/pages\/227\/revisions\/1246"}],"wp:attachment":[{"href":"https:\/\/dr-aus.pl\/index.php?rest_route=%2Fwp%2Fv2%2Fmedia&parent=227"}],"curies":[{"name":"wp","href":"https:\/\/api.w.org\/{rel}","templated":true}]}}