{"id":201,"date":"2013-12-09T15:42:08","date_gmt":"2013-12-09T14:42:08","guid":{"rendered":"https:\/\/dr-aus.pl\/\/?page_id=201"},"modified":"2015-06-16T04:54:56","modified_gmt":"2015-06-16T03:54:56","slug":"profil","status":"publish","type":"page","link":"https:\/\/dr-aus.pl\/?page_id=201","title":{"rendered":"Profil"},"content":{"rendered":"<p><span style=\"font-size: 16px;\">Firma Dr Aus zajmuje si\u0119 g\u0142\u00f3wnie produkcj\u0105, instalacj\u0105, serwisem, wynajmem i sprzeda\u017c\u0105 nowoczesnych profesjonalnych system\u00f3w nag\u0142a\u015bniaj\u0105cych. Celem naszej firmy jest dostarczanie jak najlepszych narz\u0119dzi wymagaj\u0105cym, ceni\u0105cym sobie niezawodno\u015b\u0107 i wysok\u0105 jako\u015b\u0107 reproduckji dzwi\u0119ku, klientom takim jak: firmy nag\u0142o\u015bnieniowe, domy kultury, kluby, obiekty u\u017cyteczno\u015bci publicznej, muzycy, zespo\u0142y, DJe itp. Do naszych produkt\u00f3w u\u017cywamy najlepszcyh dost\u0119pnych cz\u0119\u015bci, kt\u00f3re sprowadzamy w razie potrzeb z ca\u0142ego \u015bwiata. W zakresie g\u0142o\u015bnik\u00f3w wsp\u00f3\u0142pracujemy bezpo\u015brednio m. in. z takimi firmami jak: Eighteen sound, RCF, B&amp;C, JBL. Dzi\u0119ki temu, \u017ce nie konkurujemy jako dystrybutor g\u0142o\u015bnik\u00f3w z innymi, wybieramy najlepsze komponenty do danego zastosowania dost\u0119pne na rynku bez wzgl\u0119du na mark\u0119.\u00a0 <\/span><\/p>\n<div id=\"attachment_265\" style=\"width: 947px\" class=\"wp-caption aligncenter\"><img loading=\"lazy\" decoding=\"async\" aria-describedby=\"caption-attachment-265\" class=\"size-full wp-image-265  wp-caption aligncenter\" title=\"Najmocniejsze g\u0142o\u015bniki 18'' od lewej: RCF LF18X451 , B&amp;amp;amp;amp;amp;amp;amp;amp;amp;amp;amp;amp;C 18SW115, 18Sound 18NLW9601\" alt=\"3muszkieterowieSZ\" src=\"https:\/\/dr-aus.pl\/\/wp-content\/uploads\/2013\/12\/3muszkieterowieSZ.jpg\" width=\"937\" height=\"436\" \/><p id=\"caption-attachment-265\" class=\"wp-caption-text\">Najmocniejsze g\u0142o\u015bniki 18&#8221; od lewej: RCF LF18X451 , BandC 18SW115, 18Sound 18NLW9601<\/p><\/div>\n<p><span style=\"font-size: 16px;\">Kupuj\u0105c nasze produkty nie kupujesz kota w worku. Dok\u0142adamy staranno\u015bci, by produkt by\u0142 dobry przede wszystkim w rzeczywisto\u015bci, a nie w ulotce reklamowej, czy na zdj\u0119ciu. Staramy si\u0119 rzetelnie podawa\u0107 rzeczywiste, istotne dane, nie stosuj\u0105c celowego wprowadzania w b\u0142\u0105d.\u00a0 Je\u015bli masz jakiekolwiek w\u0105tpliwo\u015bci co do solidno\u015bci naszych produkt\u00f3w, lub podawanych danych, przestudiuj dok\u0142adnie dane zawarte w dziale rekomendacje. Jest to najbardziej wiarygodna metoda na wyci\u0105gni\u0119cie sensownych wniosk\u00f3w. Je\u015bli nie znalaz\u0142e\u015b odpowiedzi na nurtuj\u0105ce pytania, skontaktuj si\u0119 z nami, lub um\u00f3w na pokaz. Zdobywane latami do\u015bwiadczenie, badanie na bie\u017c\u0105co nowych dost\u0119pnych technologii, przetwornik\u00f3w, czy podzespo\u0142\u00f3w elektronicznych, czy prowadzenie serwisu obcych produkt\u00f3w, powoduje, \u017ce warto skorzysta\u0107 z naszej wiedzy. Naszym niepodwa\u017calnym atutem jest serwis. Wydaj\u0105c pieni\u0105dze na nasz system masz pewno\u015b\u0107, \u017ce produkt naszej produkcji w ka\u017cdej chwili mo\u017cna przywr\u00f3ci\u0107, niewielkim nak\u0142adem \u015brodk\u00f3w, do pe\u0142nej funkcjonalno\u015bci.<br \/>\n<\/span><\/p>\n<p><span style=\"font-size: 16px;\">Stale d\u0105\u017cymy do ulepszania naszych produkt\u00f3w. Firma Dr Aus, jako jedna z niewielu na polskim rynku mo\u017ce si\u0119 pochwali\u0107 w\u0142asnymi, niepowtarzalnymi pomys\u0142ami. Dzi\u0119ki temu,\u00a0 z sukcesami potrafimy sprosta\u0107 post\u0119powi w dziedzinie elektroakustyki, czy wykonywa\u0107 nietypowe zlecenia na wysokim poziomie.\u00a0 Chcesz dowiedzie\u0107 si\u0119 wi\u0119cej &#8211; obejrzyj nasz\u0105 ofert\u0119.<\/p>\n<p>Je\u015bli chcesz by polska my\u015bl techniczna rozwija\u0142a si\u0119, by \u015bwiat\u0142o dzienne zobaczy\u0142o wi\u0119cej zako\u0144czonych ciekawych projekt\u00f3w, do\u0142\u0105cz do grona naszych klient\u00f3w !<\/span><\/p>\n","protected":false},"excerpt":{"rendered":"<p>Firma Dr Aus zajmuje si\u0119 g\u0142\u00f3wnie produkcj\u0105, instalacj\u0105, serwisem, wynajmem i sprzeda\u017c\u0105 nowoczesnych profesjonalnych system\u00f3w nag\u0142a\u015bniaj\u0105cych. Celem naszej firmy jest dostarczanie jak najlepszych narz\u0119dzi wymagaj\u0105cym, ceni\u0105cym sobie niezawodno\u015b\u0107 i wysok\u0105 jako\u015b\u0107 reproduckji dzwi\u0119ku, klientom takim jak: firmy nag\u0142o\u015bnieniowe, domy kultury, kluby, obiekty u\u017cyteczno\u015bci publicznej, muzycy, zespo\u0142y, DJe itp. Do naszych produkt\u00f3w u\u017cywamy najlepszcyh dost\u0119pnych cz\u0119\u015bci, kt\u00f3re sprowadzamy w razie potrzeb z ca\u0142ego \u015bwiata. W zakresie g\u0142o\u015bnik\u00f3w wsp\u00f3\u0142pracujemy bezpo\u015brednio m. in. z takimi firmami jak: Eighteen sound, RCF, B&amp;C, JBL. Dzi\u0119ki temu, \u017ce nie konkurujemy jako dystrybutor g\u0142o\u015bnik\u00f3w z innymi, wybieramy najlepsze komponenty do danego zastosowania dost\u0119pne na rynku bez wzgl\u0119du na mark\u0119.\u00a0 Kupuj\u0105c nasze produkty nie kupujesz kota w worku. Dok\u0142adamy staranno\u015bci, by produkt by\u0142 dobry przede wszystkim w rzeczywisto\u015bci, a nie w ulotce reklamowej, czy na zdj\u0119ciu. Staramy si\u0119 rzetelnie podawa\u0107 rzeczywiste, istotne dane, nie stosuj\u0105c celowego wprowadzania w b\u0142\u0105d.\u00a0 Je\u015bli masz jakiekolwiek w\u0105tpliwo\u015bci co do solidno\u015bci naszych produkt\u00f3w, lub podawanych danych, przestudiuj dok\u0142adnie dane zawarte w dziale rekomendacje. Jest to najbardziej wiarygodna metoda na wyci\u0105gni\u0119cie sensownych wniosk\u00f3w. Je\u015bli nie znalaz\u0142e\u015b odpowiedzi na nurtuj\u0105ce pytania, skontaktuj si\u0119 z nami, lub um\u00f3w na pokaz. Zdobywane latami do\u015bwiadczenie, badanie na bie\u017c\u0105co nowych dost\u0119pnych technologii, przetwornik\u00f3w, czy podzespo\u0142\u00f3w elektronicznych, czy prowadzenie serwisu [&hellip;]<\/p>\n","protected":false},"author":1,"featured_media":0,"parent":0,"menu_order":0,"comment_status":"closed","ping_status":"closed","template":"template-full-width.php","meta":{"footnotes":""},"_links":{"self":[{"href":"https:\/\/dr-aus.pl\/index.php?rest_route=\/wp\/v2\/pages\/201"}],"collection":[{"href":"https:\/\/dr-aus.pl\/index.php?rest_route=\/wp\/v2\/pages"}],"about":[{"href":"https:\/\/dr-aus.pl\/index.php?rest_route=\/wp\/v2\/types\/page"}],"author":[{"embeddable":true,"href":"https:\/\/dr-aus.pl\/index.php?rest_route=\/wp\/v2\/users\/1"}],"replies":[{"embeddable":true,"href":"https:\/\/dr-aus.pl\/index.php?rest_route=%2Fwp%2Fv2%2Fcomments&post=201"}],"version-history":[{"count":37,"href":"https:\/\/dr-aus.pl\/index.php?rest_route=\/wp\/v2\/pages\/201\/revisions"}],"predecessor-version":[{"id":496,"href":"https:\/\/dr-aus.pl\/index.php?rest_route=\/wp\/v2\/pages\/201\/revisions\/496"}],"wp:attachment":[{"href":"https:\/\/dr-aus.pl\/index.php?rest_route=%2Fwp%2Fv2%2Fmedia&parent=201"}],"curies":[{"name":"wp","href":"https:\/\/api.w.org\/{rel}","templated":true}]}}