{"id":106,"date":"2013-12-04T21:52:06","date_gmt":"2013-12-04T20:52:06","guid":{"rendered":"https:\/\/dr-aus.pl\/\/?page_id=106"},"modified":"2018-09-23T16:52:41","modified_gmt":"2018-09-23T15:52:41","slug":"tuba","status":"publish","type":"page","link":"https:\/\/dr-aus.pl\/?page_id=106","title":{"rendered":"Tuba w 21 wieku"},"content":{"rendered":"<p><span style=\"font-size: medium;\">Tuba (ang. Horn) jest ustrojem akustycznym scharakteryzowanym jako tunel (falow\u00f3d) o zmiennej powierzchni przekroju.\u00a0 Jest to element akustyczny niezmiernie cenny, poniewa\u017c umo\u017cliwia dopasowanie dowolnej akustycznej impedancji \u017ar\u00f3d\u0142a umieszczonego po jednej stronie, do impedancji falowej o\u015brodka, z kt\u00f3rym tuba \u0142\u0105czy si\u0119 po drugiej stronie.\u00a0 Zastosowanie tuby w elektroakustyce jest o tyle istotne, \u017ce g\u0142o\u015bnik, promieniuj\u0105cy bezpo\u015brednio w do\u015b\u0107 rzadkim o\u015brodku, jakim jest powietrze, nie jest w stanie wytworzy\u0107 d\u017awi\u0119ku ze sprawno\u015bci\u0105 cho\u0107by zbli\u017con\u0105 do 100% z powodu niedopasowania impedancji akustycznej.\u00a0 Sprawno\u015b\u0107 najlepszych g\u0142o\u015bnik\u00f3w estradowych promieniuj\u0105cych bezpo\u015brednio, jest zbli\u017cona w najlepszym przypadku do oko\u0142o 5%, reszta energii dostarczonej ze wzmacniacza jest wypromieniowana w postaci ciep\u0142a lub nie jest pobierana z powodu niedopasowania impedancyjnego. Tuba umo\u017cliwia podniesienie tej sprawno\u015bci, w teorii do niemal 100%. \u015arednie sprawno\u015bci w zastosowaniach w praktycznych, o sensownych rozmiarach, si\u0119gaj\u0105 40%, a w w\u0105skim pasmie nawet 80%.\u00a0Stosuj\u0105c obrazowe por\u00f3wnanie, tuba jest tym dla g\u0142o\u015bnika, czym turbospr\u0119\u017carka dla silnika spalinowego. Ponadto tuba umo\u017cliwia zaw\u0119\u017cenie i uzyskanie praktycznie dowolnej charakterystyki amplitudowej, czy kierunkowej, co jest wykorzystywane do\u015b\u0107 powszechnie w g\u0142o\u015bnikach wysokotonowych zar\u00f3wno jednopunktowych, jak i wyr\u00f3wnanych liniowo. W przypadku ton\u00f3w najni\u017cszych, opr\u00f3cz zwi\u0119kszenia sprawno\u015bci, tuba, zwi\u0119kszaj\u0105c akustyczne obci\u0105\u017cenie membrany, zmniejsza jej wychylenie a co za tym idzie zmniejsza zniekszta\u0142cenia spowodowane wykraczaniem cewki g\u0142o\u015bnika poza szczelin\u0119 magnetyczn\u0105. Ponadto tuba niskotonowa nie wytwarza tak du\u017cych r\u00f3\u017cnic w pr\u0119dko\u015bciach akustycznych, jakie wyst\u0119puj\u0105 w tunelu w obudowach z otworem rezonansowym Helmholtza. Przy du\u017cych mocach turbulencje w tubie s\u0105 o wiele mniejsze, praktycznie w og\u00f3le nie ograniczaj\u0105c mocy maksymalnej. Tuba umo\u017cliwia tak\u017ce du\u017ce mo\u017cliwo\u015bci zastosowania r\u00f3\u017cnorakich kszta\u0142t\u00f3w geometrycznych w zale\u017cno\u015bci od potrzeb, co w praktyce umo\u017cliwia realizacj\u0119 za\u0142o\u017conych, niespotykanych wcze\u015bniej cel\u00f3w, jak chocia\u017cby falow\u00f3d wyr\u00f3wnany liniowo.<\/span><\/p>\n<p style=\"text-align: left;\"><span style=\"font-size: medium;\">Czemu wi\u0119c tuba dzi\u015b nie jest stosowana zawsze i wsz\u0119dzie? My\u015bl\u0119, \u017ce por\u00f3wnywalne pytania i wnioski mo\u017cna snu\u0107 na temat stosowania turbin\u00a0 w przemy\u015ble samochodowym.\u00a0 Ot\u00f3\u017c przyczyny s\u0105 dwie, ekonomiczna i techniczna. Tuba ponosi ze sob\u0105 koszty, rozmiary i jest bardzo trudna w projektowaniu. W dzisiejszych czasach rozwi\u0105zania drogie staj\u0105 si\u0119 luksusem, a luksus nie jest popularny.\u00a0\u00a0 O ile praktycznie wszystkie estradowe g\u0142o\u015bniki wysokotonowe s\u0105 tubowymi, o tyle w przypadku \u015brednich i niskich ton\u00f3w s\u0105 to rozwi\u0105zania stosowane rzadko.\u00a0Celem niniejszego artyku\u0142u jest wykazanie, \u017ce tuby niskotonowe w sprz\u0119cie profesjonalnym, s\u0105 nie tylko luksusem, ale ich zastosowanie w okre\u015blonym zakresie ma sens ekonomiczny i techniczny.<\/span><\/p>\n<p style=\"text-align: left;\"><span style=\"font-size: medium;\">Chc\u0105c wyja\u015bni\u0107 ten fenomen wypada si\u0119 na chwil\u0119 skupi\u0107 z czego wynika sprawno\u015b\u0107 g\u0142o\u015bnika promieniuj\u0105cego bezpo\u015brednio. Ot\u00f3\u017c w zadowalaj\u0105cym, na potrzeby tego artyku\u0142u, uproszczeniu, odpowiada za to stosunek\u00a0sta\u0142ej transformacji (BL) , zwanej tez potocznie si\u0142\u0105 nap\u0119du,\u00a0 podawanej w N\/A, do masy drgaj\u0105cej (Mms) podawanej najcz\u0119\u015bciej w gramach. Masa drgaj\u0105ca w g\u0142o\u015bniku elektrodynamicznym, czyli niemal jedynym obecnie stosowanym, to masa membrany powi\u0119kszona o mas\u0119 cewki i oko\u0142o po\u0142ow\u0119 masy zawiesze\u0144. Wsp\u00f3\u0142czynnik BL wynika z indukcji magnetycznej pomno\u017conej przez d\u0142ugo\u015b\u0107 drutu znajduj\u0105cego si\u0119 w szczelinie.<\/span><\/p>\n<p style=\"text-align: left;\"><span style=\"font-size: medium;\">W przypadku ton\u00f3w wysokich nie jest mo\u017cliwe uzyskanie zadowalaj\u0105co du\u017cych mocy przetwornika z powodu ograniczenia masy drgaj\u0105cej. Je\u015bli g\u0142o\u015bnik ma odtwarza\u0107 tony zbli\u017cone do g\u00f3rnej cz\u0119stotliwo\u015bci pasma s\u0142yszalnego, to masa drgaj\u0105ca nie mo\u017ce przekracza\u0107 2-3 gram\u00f3w.\u00a0 Zastosowanie silnego nap\u0119du do ma\u0142ej mocy jest nieekonomiczne. Si\u0142a nap\u0119du zale\u017cy od masy materia\u0142u magnetycznego, dlatego te\u017c du\u017ce magnesy s\u0105 bardziej praktyczne w przypadku g\u0142o\u015bnik\u00f3w o du\u017cej mocy. Wsp\u00f3\u0142czesne najwi\u0119ksze g\u0142o\u015bniki wysokokotne maj\u0105 moce rz\u0119du 100W i szacuj\u0119, \u017ce przez ostatnie 15 lat te moce nie wzros\u0142y o wi\u0119cej ni\u017c 30%.\u00a0 Tuby s\u0105 wi\u0119c konieczne do uzyskania odpowiednio du\u017cego nat\u0119\u017cenia ze stosunkowo ma\u0142ej mocy.\u00a0 Ponadto tuby wysoko-tonowe s\u0105 ma\u0142ych rozmiar\u00f3w, poniewa\u017c ich wielko\u015b\u0107 jest \u015bci\u015ble zwi\u0105zana z d\u0142ugo\u015bci\u0105 fali akustycznej (16m tony najni\u017csze do 1,6cm tony najwy\u017csze). Tuby wysoko-tonowe\u00a0 projektuje si\u0119 \u0142atwo , poniewa\u017c s\u0105 one przewymiarowane i nie wykorzystuje si\u0119 okolic dolnej cz\u0119stotliwo\u015bci granicznej, a skupia na kierunkowo\u015bci.<\/span><\/p>\n<p style=\"text-align: left;\"><span style=\"font-size: medium;\">Zastosowanie tuby w zakresie \u015bredniotonowym jest ju\u017c troch\u0119 dro\u017csze, cho\u0107 wci\u0105\u017c tuby nie sa wielkich rozmiar\u00f3w. Ale g\u0142o\u015bniki \u015brednio-tonowe s\u0105 najbardziej sprawnymi w promieniowaniu bezpo\u015brednim, a ich koszt wytworzenia jest niewielki. Wynika to st\u0105d, \u017ce membrana nie musi by\u0107 na tyle wytrzyma\u0142a i ci\u0119\u017cka, by znosi\u0107 ogromne wychylenia przy niskich tonach, a ca\u0142a masa drgaj\u0105ca mo\u017ce by\u0107 o wiele wi\u0119ksza ni\u017c w tonach wysokich, z powodu ni\u017cszej g\u00f3rnej cz\u0119stotliwo\u015bci granicznej. Mo\u017cna wi\u0119c zastosowa\u0107 wi\u0119ksze cewki i uzyska\u0107 o wiele wi\u0119ksze moce.\u00a0 Ponadto z powodu niewielkiego wychylenia, cewka mo\u017ce by\u0107 kr\u00f3tka i stosunkowo \u0142atwo uzyska\u0107 silny nap\u0119d skupiaj\u0105c niemal ca\u0142e uzwojenie w szczelinie.\u00a0 Najlepsze wsp\u00f3\u0142czesne g\u0142o\u015bniki &#8222;midbas&#8221; generuj\u0105ce najwi\u0119ksze ci\u015bnienia w pa\u015bmie rz\u0119du 100Hz-1,5kHz\u00a0 s\u0105 dost\u0119pne o mocy rz\u0119du 400-500W, ich uk\u0142ad drgaj\u0105cy z cewk\u0105 nawini\u0119t\u0105 aluminiowym drutem wa\u017cy ok 30 gram\u00f3w, a sprawno\u015b\u0107 si\u0119ga oko\u0142o 102dB podczas gdy \u015brednia sprawno\u015b\u0107 du\u017cej tuby w tym zakresie zazwyczaj dochodzi do 106dB.\u00a0 Co prawda s\u0105 g\u0142o\u015bniki o wi\u0119kszej mocy, ale nie generuj\u0105 one wcale wi\u0119kszego ci\u015bnienia, po prostu wi\u0119ksza cewka zmniejsza sprawno\u015b\u0107 z powodu swojej masy. Bardzo istotnym aspektem przemawiaj\u0105cym przeciwko stosowaniu tub \u015brednio-tonowych jest d\u0142ugo\u015b\u0107 tuby.\u00a0 W klasycznym uk\u0142adzie dwudro\u017cnym z podzia\u0142em pasywnym, g\u0142o\u015bnik midbas lub niskotonowy posiada centrum akustyczne mniej wi\u0119cej kilka cm za membran\u0105, w okolicy magnesu.\u00a0 Mniej wi\u0119cej tak\u0105 sam\u0105 odleg\u0142o\u015b\u0107 do przedniej \u015bcianki zestawu\u00a0 przebywa d\u017awi\u0119k w tubie wysokotonowej, jest to zazwyczaj kilkana\u015bcie cm, wi\u0119c wykonanie sp\u00f3jnego fazowo zestawu jest do\u015b\u0107 p[roste. Umieszczenie g\u0142o\u015bnika \u015bredniotonowego w tubie przesunie o\u00a0 kilkadziesi\u0105t cm do ty\u0142u centrum akustyczne. Powoduje to wymuszenie zastosowania aktywnego podzia\u0142u z zastosowaniem drugiego wzmacniacza i procesora cyfrowego, jako jedynego urz\u0105dzenia potrafi\u0105cego przesun\u0105\u0107 d\u017awi\u0119k w czasie. Mo\u017cliwe jest te\u017c zastosowanie bardzo d\u0142ugiej tuby wysokotonowej (prawie niestosowane rozwi\u0105zanie).\u00a0 Mo\u017cna r\u00f3wnie\u017c po prostu pogodzi\u0107 si\u0119 z tym, \u017ce \u017ar\u00f3d\u0142o \u015brednio-tonowe jest op\u00f3\u017anione o n krotno\u015b\u0107 p\u00f3\u0142fali przy cz\u0119stotliwo\u015bci podzia\u0142u,\u00a0 ale nie jest to rozwi\u0105zanie, kt\u00f3re mo\u017cna nazwa\u0107 odwzorowuj\u0105cym wiarygodnie\u00a0 materia\u0142 muzyczny. Dlatego te\u017c zastosowanie tub w tym zakresie pasma jest najcz\u0119\u015bciej celowe z wi\u0119kszej liczby powod\u00f3w ni\u017c tylko sprawno\u015b\u0107, tak jak cho\u0107by w przypadku zestaw\u00f3w wykorzystuj\u0105cych technologi\u0119 &#8222;<\/span><span style=\"font-size: medium;\"><a href=\"https:\/\/dr-aus.pl\/\/?page_id=103\">colinear&#8221;<\/a>.<\/span><\/p>\n<p style=\"text-align: left;\"><span style=\"font-size: medium;\">Zupe\u0142nie inaczej wygl\u0105da sytuacja w przypadku ton\u00f3w najni\u017cszych. Uzyskanie du\u017cej sprawno\u015bci w promieniowaniu bezpo\u015brednim przy jednoczesnym du\u017cym wychyleniu, du\u017cej mocy i du\u017cej odporno\u015bci mechanicznej membrany jest mocno ograniczone, pomimo najnowszych technologii. Tymczasem zapotrzebowanie na tony niskie w ca\u0142ym pa\u015bmie jest najwy\u017csze, poniewa\u017c ucho jest na te tony najmniej wra\u017cliwe. Z krzywych izofonicznych wynika, \u017ce o ile w zakresie \u015bredniotonowym, g\u00f3rny pr\u00f3g s\u0142yszalno\u015bci wynosi ok 120dB, o tyle w zakresie niskotonowym pr\u00f3g ten wynosi 135dB. To oznacza, \u017ce \u017ceby tony by\u0142y r\u00f3wno s\u0142yszane, moc wypromieniowana do otoczenia ton\u00f3w najni\u017cszych musi by\u0107 kilkadziesi\u0105t krotnie wi\u0119ksza ni\u017c ton\u00f3w \u015brednich. Ponad to wytworzenie ton\u00f3w najni\u017cszych na poziomie przekraczaj\u0105cym oko\u0142o 115dB powoduje, \u017ce ucho przestaje by\u0107 jedynym narz\u0105dem odbieraj\u0105cym d\u017awi\u0119k, a staje si\u0119 nim ca\u0142e cia\u0142o. Jest to efekt prawie niespotykany w warunkach domowych za to bardzo po\u017c\u0105dany na imprezach masowych kulturalno rozrywkowych, ze wzgl\u0119du na sw\u0105 wyj\u0105tkowo\u015b\u0107 dodaj\u0105c\u0105 imprezie co\u015b niespotykanego na co dzie\u0144. Jak trudne i kosztowne jest uzyskanie zadowalaj\u0105cego efektu pokazuje trend na rynku produkt\u00f3w reprodukuj\u0105cych d\u017awi\u0119k, kt\u00f3ry kilkadziesi\u0105t lat temu zak\u0142ada\u0142 kompletn\u0105 rezygnacj\u0119 z odtwarzania najni\u017cszego pasma basowego na korzy\u015b\u0107 wi\u0119kszej sprawno\u015bci. Trend ten wi\u0105\u017ce si\u0119 nie tylko z produktami reprodukuj\u0105cymi, ale tak\u017ce wytwarzaj\u0105cymi, a tak\u017ce z\u00a0 ilo\u015bci\u0105 nagra\u0144 i od wielu lat skutecznie zmierza w kierunku coraz ni\u017cszego pasma. Chocia\u017c wci\u0105\u017c uzyskanie pe\u0142nego brzmienia w systemach np mobilnych dla nag\u0142o\u015bnienia kilkudziesi\u0119ciu os\u00f3b z mniejszymi ni\u017c 18&#8221; g\u0142o\u015bniki jest bardzo utrudnione.\u00a0 Jednak w obecnych czasach juz w systemach \u015brednich, a nie tylko du\u017cych, uzyskanie pe\u0142nego pasma basowego z odpowiednio du\u017cym ci\u015bnieniem jest osi\u0105galne i z powodu rozwoju techniki i malej\u0105cych z tego powodu koszt\u00f3w. Je\u015bli chodzi o przetworniki, w celu uzyskania odpowiedniego ci\u015bnienia na \u015brednich i du\u017cych imprezach, konieczne jest zastosowanie wi\u0119kszej ilo\u015bci\u00a0 g\u0142o\u015bnik\u00f3w\/bas\u00f3w. Przez ostatnie 10 lat na rynku, z powod\u00f3w praktycznych, wytworzy\u0142 si\u0119 standard, produkowany przez wielu producent\u00f3w, w postaci g\u0142o\u015bnika 18&#8221; z cewk\u0105 4 cale o mocy rz\u0119du 1000-1200W o masie drgaj\u0105cej ok 180 gram\u00f3w zdolny do osi\u0105gni\u0119cia efektywno\u015bci w pa\u015bmie 40-100Hz ok 98dB.\u00a0Wbrew mylnemu wra\u017ceniu, kt\u00f3re mo\u017cna odnie\u015b\u0107 czytaj\u0105c reklamowe foldery obecnie nie istnieje \u017caden cudowny g\u0142o\u015bnik, kt\u00f3ry w promieniowaniu bezpo\u015brednim potrafi to lepiej.\u00a0Ka\u017cde rozwi\u0105zanie (poza tubowym) o wi\u0119kszej sprawno\u015bci polega na ograniczeniu pasma lub zmniejszeniu mocy, co nie prowadzi do rozwi\u0105zania problemu lub rozwi\u0105zuje go cz\u0119\u015bciowo. Post\u0119p w zakresie technologi przetwornik\u00f3w jest najwi\u0119kszy w tym pasmie, ale post\u0119p ten nie wytworzy\u0142 si\u0119 z powodu zmniejszenia masy drgaj\u0105cej za pomoc\u0105 nowych materia\u0142\u00f3w, a przede wszystkim z powodu ulepszenia ch\u0142odzenia cewki.\u00a0 My\u015bl\u0119, \u017ce na przestrzeni ostatnich 15lat moce g\u0142o\u015bnik\u00f3w niskotonowych wzros\u0142y wi\u0119cej ni\u017c dwukrotnie. Dodatkowym post\u0119pem jest przygotowanie mechaniczne zawiesze\u0144 do bezawaryjnego dzia\u0142ania z du\u017cymi mocami, praktycznie standardem staje si\u0119 zastosowanie silikonu tym w celu. A to wszystko wynika z wci\u0105\u017c du\u017cego niezaspokojonego zapotrzebowania na moc i sprawno\u015b\u0107 w tym pa\u015bmie.<\/span><\/p>\n<p style=\"text-align: left;\"><span style=\"font-size: medium;\">I tutaj dochodzimy do sedna problemu &#8211; niskotonowa obudowa tubowa lepiej zaspakaja potrzeby nowoczesnych system\u00f3w nag\u0142o\u015bnieniowych ni\u017c jakakolwiek inna obudowa. Jednak jako\u015b\u0107 brzmienia zestaw\u00f3w tubowych wci\u0105\u017c nie dla wszystkich jest oczywista.\u00a0Winne jest temu zabobonowi jest nieumiej\u0119tne projektowanie nieoptymalnych tub w przesz\u0142o\u015bci oraz nazywanie tub\u0105 wszystkiego, co tylko j\u0105 w jaki\u015b spos\u00f3b przypomina. W przesz\u0142o\u015bci wi\u0119kszo\u015b\u0107 konstrukcji tubowych oferowanych na rynku posiada\u0142a charakterystyczne brzmienie typu\u00a0&#8222;kick&#8221; bez najni\u017cszych rejestr\u00f3w, z wyj\u0105tkowo mocnym uwydatnieniem ton\u00f3w 80-150Hz.\u00a0 W mojej ocenie nazwaniem tub\u0105 niskotonow\u0105 ustr\u00f3j, kt\u00f3ry posiada tunel o d\u0142ugo\u015bci mniej ni\u017c 200cm jest marketingowym nadu\u017cyciem. Nowoczesne konstrukcje INFRASUB udowadniaj\u0105, \u017ce mo\u017cna skonstruowa\u0107 tuby odtwarzaj\u0105ce bardzo niskie tony z bardzo du\u017c\u0105 r\u00f3wnomierno\u015bci\u0105 pasma, przekraczaj\u0105ca mo\u017cliwo\u015bci obud\u00f3w z otworem rezonansowym. Por\u00f3wnanie trzech konstrukcji\u00a0&#8211; SB18 , HF19 i HF30 z tym samym, standardowym na rynku g\u0142o\u015bnikiem 1200W pokazuje, \u017ce z obudowy tubowej mo\u017cna uzyska\u0107 wzrost efektywno\u015bci (sprawno\u015bci) w ca\u0142ym pasmie, a nawet mo\u017cna pasmo obni\u017cy\u0107.<\/span><\/p>\n<p style=\"text-align: left;\"><a href=\"https:\/\/dr-aus.pl\/\/wp-content\/uploads\/2014\/02\/SPL_HF19W_HF30_BR18.gif\"><img loading=\"lazy\" decoding=\"async\" alt=\"\" src=\"https:\/\/dr-aus.pl\/\/wp-content\/uploads\/2014\/02\/SPL_HF19W_HF30_BR18.gif\" width=\"391\" height=\"320\" \/><\/a><a href=\"https:\/\/dr-aus.pl\/\/wp-content\/uploads\/2014\/02\/Test_br_19_30a.jpg\"><img loading=\"lazy\" decoding=\"async\" class=\"alignright\" alt=\"\" src=\"https:\/\/dr-aus.pl\/\/wp-content\/uploads\/2014\/02\/Test_br_19_30a.jpg\" width=\"397\" height=\"321\" \/><\/a><\/p>\n<p style=\"text-align: left;\"><span style=\"font-size: medium;\">Do uzyskania odpowiedniego ci\u015bnienia w systemie niskotonowym mo\u017cna wi\u0119c zastosowa\u0107 tub\u0119, kt\u00f3ra podniesie sprawno\u015b\u0107 o 3dB czy nawet wi\u0119cej, ale ze wzgl\u0119du na rozmiary wytworzenie obudowy poniesie za sob\u0105 wi\u0119ksze koszty.\u00a0 Czy te koszty zrekompensuj\u0105 lepsze osi\u0105gi? Je\u015bli za odniesienie przyjmiemy g\u0142o\u015bnik, kt\u00f3ry kosztuje 80$, to sensowno\u015b\u0107 wyprodukowania tuby do niego, kt\u00f3rej koszt b\u0119dzie zbli\u017cony do 300$ stoi pod du\u017cym znakiem zapytania. Z powodu zjawiska wzajemnego promieniowania, umieszczenie obok drugiego basu, podnosi efektywno\u015b\u0107 zestawu w najni\u017cszych tonach o 3dB. <\/span><\/p>\n<p style=\"text-align: left;\"><span style=\"font-size: medium;\">Je\u015bli przyjmiemy, dla uproszczenia, \u017ce dwa razy wi\u0119ksza tuba podnosi r\u00f3wno ca\u0142e pasmo o 3dB, to wynika z tego, \u017ce tub\u0119 mo\u017cna w przybli\u017ceniu zast\u0105pi\u0107 drugim dodatkowym basem. W tym przypadku ta\u0144szym rozwi\u0105zaniem b\u0119dzie powielenie g\u0142o\u015bnika, poniewa\u017c koszty wyprodukowania obudowy tubowej, b\u0119d\u0105 przekracza\u0142y warto\u015b\u0107 g\u0142o\u015bnika i drugiej obudowy. Tuba kosztuje wi\u0119cej nie tylko z powodu wi\u0119kszej ilo\u015bci drewna, ale przede wszystkim z powodu\u00a0wi\u0119kszej czasoch\u0142onno\u015bci wykonania skomplikowanych tuneli.<\/span><\/p>\n<p style=\"text-align: left;\"><a href=\"https:\/\/dr-aus.pl\/\/wp-content\/uploads\/2013\/12\/HF34vsBRrazem00.jpg\"><img loading=\"lazy\" decoding=\"async\" class=\"size-large wp-image-535 alignright\" alt=\"!!HF34vsBRrazem00\" src=\"https:\/\/dr-aus.pl\/\/wp-content\/uploads\/2013\/12\/HF34vsBRrazem00-1024x344.jpg\" width=\"350\" height=\"437\" \/><\/a><span style=\"font-size: medium;\">Ale do wytworzenia ci\u015bnienia na \u015bredniej wielko\u015bci imprezie masowej, z odpowiedni\u0105 niezawodno\u015bci\u0105, powtarzalno\u015bci\u0105, jako\u015bci\u0105, nie wystarczy powiel<\/span><span style=\"font-size: medium;\">ony g\u0142o\u015bnik za 80$. A kiedy<\/span><span style=\"font-size: medium;\"> g\u0142o\u015bnik kosztuje 300$ lub wi\u0119cej, koszt wytworzenia obudowy tubowej b\u0119dzie ni\u017cszy, ni\u017c dodatkowy drugi zestaw promieniuj\u0105cy bezpo\u015brednio. W tym przypadku zysk<\/span><span style=\"font-size: medium;\">i ekonomiczne s\u0105 oczywiste. Gdzie dok\u0142adnie le\u017cy granica sensowno\u015bci, zale\u017cy od wielu czynnik\u00f3w. z kt\u00f3rych g\u0142\u00f3wnym jest to ile kosztuje roboczogodzina a to jak wiemy, zale\u017cy od kraju. W polskich realiach wyprodukowanie tuby jest o wiele ta\u0144sze ni\u017c na zachodzie, szczeg\u00f3lnie, \u017ce nasze po\u0142o\u017cenie geograficzne zapewnia nam dost\u0119p do taniej sklejki, a g\u0142o\u015bniki kupujemy z zachodu, wi\u0119c i tub<\/span><span style=\"font-size: medium;\">y s\u0105 bardziej op\u0142acalne.<\/span><\/p>\n<p style=\"text-align: left;\"><span style=\"font-size: medium;\">Co wi\u0119cej, do tuby nadaj\u0105 si\u0119 g\u0142o\u015bniki, kt\u00f3rych stosowanie w obudowach z otworem rezonansowym wydaje si\u0119 bezcelowe. W przypadku niskich ton\u00f3w i obudowy tubowej, sprawno\u015b\u0107 nie zale\u017cy bezpo\u015brednio od masy drgaj\u0105cej. Masa wp\u0142ywa jedynie na g\u00f3rn\u0105 cz\u0119stotliwo\u015b\u0107 pasma, kt\u00f3ra w zestawach niskotonowych nie jest problemem. Dlatego te\u017c w tubie mo\u017cna pozwoli\u0107 s<\/span><span style=\"font-size: medium;\">obie na g\u0142o\u015bnik, kt\u00f3rego uk\u0142ad drgaj\u0105cy i wielka cewka o ogromnej mocy wa\u017c\u0105 nie 190 a 320gram\u00f3w, zyskuj\u0105c wi\u0119ksza moc bez utraty sprawno\u015bci, czego dowodem jest konstrukcja HF34, kt\u00f3ra oferuje zysk praktycznie w ca\u0142ym pa\u015bmie na poziomie rz\u0119du 5dB, czyli moc wypromieniowana jest oko\u0142o 3 krotnie wy\u017csza, ni\u017c w przypadku obudowy bas refleks, zasilanej tej sama moc\u0105.<br \/>\n<\/span><\/p>\n<p style=\"text-align: left;\"><span style=\"font-size: medium;\">Nowoczesna tuba nie musi by\u0107 du\u017ca.\u00a0 Mo\u017cliwe i sensowne jest konstruowanie tub ma\u0142ych jak cho\u0107by HF19, czy jeszcze mniejsze i chocia\u017c ma\u0142e obudowy tubowe nie posiadaj\u0105 lub posiadaj\u0105 mniejsze zyski energetyczne, to umo\u017cliwiaj\u0105 popraw\u0119 innych parametr\u00f3w, np. dopasowanie charakterystyki amplitudowej czy unikni\u0119cie efektu turbulencji w otworze rezonansowym. Ponadto moje konstrukcje tubowe s\u0105 wykonane w technologii szkieletowej, gdzie wiele wzmocnie\u0144 stanowi\u0105 jednocze\u015bnie tunele. Dzi\u0119ki temu obudowa jest relatywnie bardzo lekka.<br \/>\n<\/span><\/p>\n<p style=\"text-align: left;\"><span style=\"font-size: medium;\">Dlatego te\u017c jestem zdania, \u017ce ilo\u015b\u0107 produkt\u00f3w tubowych b\u0119dzie ros\u0142a w miar\u0119 oswajania skomplikowanej technologii i obni\u017cania koszt\u00f3w produkcji jej zastosowania. Wydaje mi si\u0119, \u017ce jest to zjawisko podobne do ci\u0105g\u0142ego wzrostu ilo\u015bci technologii impulsowej we wzmacniaczach estradowych. Analogie mo\u017cna zauwa\u017cy\u0107 tak\u017ce w rosn\u0105\u0107 popularno\u015bci turbin na rynku silnik\u00f3w spalinowych.<\/span><\/p>\n<p style=\"text-align: left;\"><span style=\"font-size: medium;\">Draus Jaros\u0142aw<\/span><\/p>\n<p style=\"text-align: left;\"><span style=\"font-size: medium;\">\u00a0<\/span><\/p>\n<p style=\"text-align: left;\">\n","protected":false},"excerpt":{"rendered":"<p>Tuba (ang. Horn) jest ustrojem akustycznym scharakteryzowanym jako tunel (falow\u00f3d) o zmiennej powierzchni przekroju.\u00a0 Jest to element akustyczny niezmiernie cenny, poniewa\u017c umo\u017cliwia dopasowanie dowolnej akustycznej impedancji \u017ar\u00f3d\u0142a umieszczonego po jednej stronie, do impedancji falowej o\u015brodka, z kt\u00f3rym tuba \u0142\u0105czy si\u0119 po drugiej stronie.\u00a0 Zastosowanie tuby w elektroakustyce jest o tyle istotne, \u017ce g\u0142o\u015bnik, promieniuj\u0105cy bezpo\u015brednio w do\u015b\u0107 rzadkim o\u015brodku, jakim jest powietrze, nie jest w stanie wytworzy\u0107 d\u017awi\u0119ku ze sprawno\u015bci\u0105 cho\u0107by zbli\u017con\u0105 do 100% z powodu niedopasowania impedancji akustycznej.\u00a0 Sprawno\u015b\u0107 najlepszych g\u0142o\u015bnik\u00f3w estradowych promieniuj\u0105cych bezpo\u015brednio, jest zbli\u017cona w najlepszym przypadku do oko\u0142o 5%, reszta energii dostarczonej ze wzmacniacza jest wypromieniowana w postaci ciep\u0142a lub nie jest pobierana z powodu niedopasowania impedancyjnego. Tuba umo\u017cliwia podniesienie tej sprawno\u015bci, w teorii do niemal 100%. \u015arednie sprawno\u015bci w zastosowaniach w praktycznych, o sensownych rozmiarach, si\u0119gaj\u0105 40%, a w w\u0105skim pasmie nawet 80%.\u00a0Stosuj\u0105c obrazowe por\u00f3wnanie, tuba jest tym dla g\u0142o\u015bnika, czym turbospr\u0119\u017carka dla silnika spalinowego. Ponadto tuba umo\u017cliwia zaw\u0119\u017cenie i uzyskanie praktycznie dowolnej charakterystyki amplitudowej, czy kierunkowej, co jest wykorzystywane do\u015b\u0107 powszechnie w g\u0142o\u015bnikach wysokotonowych zar\u00f3wno jednopunktowych, jak i wyr\u00f3wnanych liniowo. W przypadku ton\u00f3w najni\u017cszych, opr\u00f3cz zwi\u0119kszenia sprawno\u015bci, tuba, zwi\u0119kszaj\u0105c akustyczne obci\u0105\u017cenie membrany, zmniejsza jej wychylenie a co za tym idzie zmniejsza zniekszta\u0142cenia spowodowane wykraczaniem [&hellip;]<\/p>\n","protected":false},"author":1,"featured_media":0,"parent":0,"menu_order":0,"comment_status":"closed","ping_status":"closed","template":"template-full-width.php","meta":{"footnotes":""},"_links":{"self":[{"href":"https:\/\/dr-aus.pl\/index.php?rest_route=\/wp\/v2\/pages\/106"}],"collection":[{"href":"https:\/\/dr-aus.pl\/index.php?rest_route=\/wp\/v2\/pages"}],"about":[{"href":"https:\/\/dr-aus.pl\/index.php?rest_route=\/wp\/v2\/types\/page"}],"author":[{"embeddable":true,"href":"https:\/\/dr-aus.pl\/index.php?rest_route=\/wp\/v2\/users\/1"}],"replies":[{"embeddable":true,"href":"https:\/\/dr-aus.pl\/index.php?rest_route=%2Fwp%2Fv2%2Fcomments&post=106"}],"version-history":[{"count":45,"href":"https:\/\/dr-aus.pl\/index.php?rest_route=\/wp\/v2\/pages\/106\/revisions"}],"predecessor-version":[{"id":649,"href":"https:\/\/dr-aus.pl\/index.php?rest_route=\/wp\/v2\/pages\/106\/revisions\/649"}],"wp:attachment":[{"href":"https:\/\/dr-aus.pl\/index.php?rest_route=%2Fwp%2Fv2%2Fmedia&parent=106"}],"curies":[{"name":"wp","href":"https:\/\/api.w.org\/{rel}","templated":true}]}}